nd z.
18
Suppose 0 = -2*g - 3*g + 480. Let i = -1169 + 1201. What is the highest common factor of i and g?
32
Suppose w - 8 - 3 = -4*u, -u + 5*w - 13 = 0. Suppose -y = 5*r + 63, -4*r + u*y - 93 = -37. Let p = -10 - r. What is the highest common divisor of p and 24?
3
Let n be (1*9)/((-144)/(-138) + -1). What is the greatest common factor of 23 and n?
23
Let q = -152 + 287. What is the greatest common factor of 90 and q?
45
Let p(r) = 56*r**3 - 4*r**2 - r + 1. Let m be p(1). What is the greatest common factor of 39 and m?
13
Let p(n) = 7*n**2 + 8*n - 15. Let r be p(3). What is the greatest common divisor of r and 846?
18
Let o be 1 + (5/(-5) - -71). Calculate the greatest common divisor of o and 497.
71
Let s = 346 + -314. Calculate the greatest common factor of 432 and s.
16
Let z(p) = 2*p - 12. Let a(g) = 5*g**2. Let h be a(1). Let r be z(h). Let u = r + 11. Calculate the highest common factor of u and 1.
1
Let g be 14/2 - (-5 + 8). Suppose -g*s - 4 = 4. Let c be (-23)/s + 3/(-6). What is the greatest common divisor of 33 and c?
11
Let b(j) = 20*j**2 + 4*j - 3. Let s be b(3). Let q = 25 + 28. Let n = -26 + q. Calculate the greatest common factor of n and s.
27
Suppose -5*i + 7*i + w = 181, 249 = 3*i - 3*w. Suppose -4*h - 3*f = 2*f - 17, -h = f - 5. What is the greatest common factor of i and h?
8
Let a = 99 + -275. Let d be (0 - (-3)/2)*a/(-12). What is the highest common factor of 11 and d?
11
Suppose 5*n = -49 + 209. Suppose 72*l - 1140 = -213*l. What is the highest common factor of l and n?
4
Let d(f) = f**3 - 8*f**2 + 5*f + 14. Let q be d(7). Suppose q = 5*b - 51 + 1. What is the greatest common divisor of 25 and b?
5
Let r = 941 + -933. What is the highest common divisor of 32 and r?
8
Let l(r) = 4*r**2 - 9*r + 2. Let j = 11 - 5. Let d be l(j). Suppose 0 = 3*s + 4*b - d, s - 21 - 13 = -3*b. What is the highest common factor of s and 56?
28
Let j(s) = 16*s**2 + 3*s + 31. Let w be j(-4). What is the greatest common divisor of w and 11?
11
Let y = -278 - -433. What is the highest common factor of 62 and y?
31
Suppose -9*f - 120 = -12*f. Suppose 36*d = 34*d + f. What is the highest common factor of d and 220?
20
Suppose m - 229 = -4*z - 0*m, -2*m = -2*z + 122. Calculate the greatest common divisor of z and 609.
29
Suppose -22*t + 285 = -573. What is the highest common divisor of t and 104?
13
Suppose -2*s = -h + 10, 3*s + 33 = 4*h - h. What is the greatest common factor of h and 516?
12
Let w(p) = -12*p**3 + p**2 + p. Let b be (-6)/(-6)*(-1 - 0). Let g be w(b). Let v(u) = u**3 + 3. Let j be v(0). What is the highest common factor of j and g?
3
Suppose 25 - 6 = g + 4*q, 0 = -2*g - 5*q + 32. Calculate the highest common factor of 22 and g.
11
Let d = 15 - 15. Suppose -5*r + 30 = 2*n, -5*r - 3*n + 0*n + 35 = d. Let l be 1 - -27 - (-8 + r). Calculate the highest common divisor of 8 and l.
8
Let g(z) = 4*z - 30. Suppose o + 80 = 5*m - 4*o, m - 16 = -2*o. Let b be g(m). Calculate the greatest common divisor of 17 and b.
17
Let h = 121 - 67. What is the highest common factor of 24 and h?
6
Let u be ((-6)/6)/(1/(-4)). Suppose -u*t + 3*t = 3. Let s = 12 + t. Calculate the highest common factor of 18 and s.
9
Suppose -4*j + 4*h = -40, 2*j + 3*h = 6*j - 42. Let i = 27 + j. Let n = -18 + i. Calculate the highest common divisor of n and 189.
21
Let q = -18 + 36. Suppose 5*c - 616 = -6*c. Let g = c - 54. What is the highest common factor of q and g?
2
Let f be (-153)/(-2 - (-30)/14). Let p = f + 1511. Let j be (2/(-4))/((-10)/p). What is the highest common divisor of j and 154?
22
Let r = 3 + 12. Suppose 0 = 10*x - r*x + 100. What is the highest common factor of 4 and x?
4
Let s(h) = -h + 4. Let o be s(7). Let j be (-119)/o - (-3 + 16/6). What is the greatest common divisor of 100 and j?
20
Suppose 1091*c = 1103*c - 1596. What is the greatest common divisor of c and 57?
19
Let z be ((-15)/(-6))/(14/56). Calculate the greatest common divisor of z and 50.
10
Let p be 879/9 + (-2)/(-6). Suppose -5*y + u + p = 0, -5*y + 4*u + 88 = -y. Calculate the highest common divisor of 76 and y.
19
Let v(x) = x**3 + 2*x**2 + 518. Let y be v(0). Suppose 8*i = y + 562. What is the highest common factor of i and 45?
45
Let p(n) = -n**3 - 14*n**2 - 11*n + 29. Let z be p(-13). Suppose 0 = 7*g - 5*g - 12. What is the greatest common factor of z and g?
3
Suppose 495 = -5*r + 5*z, r - 119 = 2*r - 5*z. Let u = r + 138. Calculate the greatest common factor of 22 and u.
22
Let v = -246 + 274. What is the greatest common factor of v and 7?
7
Suppose 4*v = 2*l - 48, 5*l - 3*v - 80 = -v. Calculate the greatest common divisor of 112 and l.
14
Suppose 75*u = 65*u + 160. Calculate the highest common factor of 32 and u.
16
Suppose -326 + 296 = -3*g. Calculate the highest common factor of g and 160.
10
Suppose 3 = -6*d + 7*d, -f + 2*d + 28 = 0. Calculate the greatest common divisor of f and 221.
17
Let i(w) = -38. Let o(d) = -d + 1. Let q(b) = -i(b) + 6*o(b). Let r be q(0). Calculate the highest common divisor of 4 and r.
4
Let b be (-2)/(-5)*5 + -3. Let i = b + 36. Suppose 3*z + 31 = c + c, 4 = -4*z. Calculate the highest common factor of c and i.
7
Suppose 2*j + 3 = 9. Suppose -5*i + 4*r = -i - 44, 0 = -r + j. Let c be 208/8 + 1*2. What is the greatest common divisor of c and i?
14
Let d(b) = b**3 - b**2. Let q = -7 + 7. Let a be d(q). Suppose a = -4*c + 2*c + 306. What is the greatest common divisor of c and 17?
17
Let f(s) = -2*s**2 - s + 10. Let u be f(3). Let t = -2 - u. What is the highest common factor of 144 and t?
9
Let g = -409 + 410. Calculate the highest common factor of g and 64.
1
Let w(r) = 5*r - 26. Let f be w(7). Suppose 77 = 10*i - f*i. What is the greatest common factor of i and 7?
7
Let x(p) = 3*p**2 + 40*p + 30. Let z be x(17). Calculate the greatest common factor of 19 and z.
19
Suppose -2*m = -3*r + r - 44, -28 = -m - r. Suppose -d + 3*y + 28 + 19 = 0, 3*d = -y + 121. Let z = d - m. Calculate the highest common divisor of z and 2.
2
Suppose -5*o + 445 = -205. Suppose 4*b + w + 22 = -42, 0 = -4*b - 4*w - 64. Let n = 29 + b. Calculate the highest common factor of n and o.
13
Let z = 46 + -99. Let a = -37 - z. Calculate the greatest common factor of 16 and a.
16
Let y be -2*(135/6 - 2). Let h = -27 - y. Let j = 213 + -206. What is the greatest common divisor of j and h?
7
Let p = -408 + 418. Calculate the highest common divisor of p and 470.
10
Suppose 7*o - 444 = 4071. Calculate the highest common divisor of 15 and o.
15
Let r = -31 - -26. Let v be 14/70 + 1/r. Let n = v + 7. Calculate the greatest common divisor of 7 and n.
7
Let b(o) = 5*o**2 - 3*o + 4. Let h be b(3). Calculate the highest common divisor of 2840 and h.
40
Suppose 116 + 124 = 6*j. What is the highest common factor of j and 30?
10
Let h = -61 - -79. Calculate the highest common factor of h and 36.
18
Let w = -189 - -251. What is the greatest common factor of w and 8?
2
Let n be 53 + (-3)/12 + 8/32. What is the highest common factor of 265 and n?
53
Let h = 1063 - 1003. What is the highest common factor of h and 100?
20
Let d = 10 + -8. Suppose -3*k - d*k = 4*q - 496, -2*q = 5*k - 258. Calculate the highest common divisor of 17 and q.
17
Suppose 5*x - 22 - 13 = 0. Let k be (x/2)/7*26 - 3. Calculate the greatest common factor of 10 and k.
10
Let r be (-54)/(-10) - 3/(-5). Let m(p) = p**2 - 6*p + 3. Let u be m(r). Suppose u*c - 19 = 29. Calculate the greatest common divisor of 32 and c.
16
Suppose 2*d - 11 = 13. Let q = -31 - -37. Suppose -6 - q = -2*p. Calculate the highest common factor of p and d.
6
Let q be (-1666)/(-182) - -2*(-1)/13. What is the highest common divisor of q and 225?
9
Suppose -157*v = -174*v + 238. What is the greatest common factor of v and 406?
14
Suppose 2*g = z + 695, 5*z = 3*g - 826 - 213. Calculate the greatest common divisor of 36 and g.
12
Suppose b - 14*b + 195 = 0. Suppose -g + 22 = b. What is the greatest common factor of g and 7?
7
Let y = 0 - -6. Let m = y - 2. Suppose -2*n - 22 = -2*a, 23 + 24 = m*a - 3*n. Calculate the highest common factor of a and 28.
14
Let t(y) = -5*y**3 + 18*y**2 + 17*y - 4. Let n be t(4). Calculate the highest common factor of 96 and n.
32
Let k = -2883 + 2931. What is the greatest common divisor of 1536 and k?
48
Let h(b) = 2*b**3 - 140*b*